{"id":8,"date":"2023-11-20T12:51:17","date_gmt":"2023-11-20T12:51:17","guid":{"rendered":"https:\/\/astronomique.ch\/index.php\/warenkorb\/"},"modified":"2023-11-20T15:07:36","modified_gmt":"2023-11-20T15:07:36","slug":"warenkorb","status":"publish","type":"page","link":"https:\/\/astronomique.ch\/?page_id=8","title":{"rendered":"Warenkorb"},"content":{"rendered":"\t\t<div data-elementor-type=\"wp-page\" data-elementor-id=\"8\" class=\"elementor elementor-8\" data-elementor-post-type=\"page\">\n\t\t\t\t<div class=\"elementor-element elementor-element-671e70a e-flex e-con-boxed e-con e-parent\" data-id=\"671e70a\" data-element_type=\"container\">\n\t\t\t\t\t<div class=\"e-con-inner\">\n\t\t\t\t<div class=\"elementor-element elementor-element-479b954 e-cart-layout-two-column elementor-widget elementor-widget-woocommerce-cart\" data-id=\"479b954\" data-element_type=\"widget\" data-widget_type=\"woocommerce-cart.default\">\n\t\t\t\t<div class=\"elementor-widget-container\">\n\t\t\t<div class=\"woocommerce\"><div class=\"woocommerce-notices-wrapper\"><\/div><div class=\"wc-empty-cart-message\">\n\t<div class=\"cart-empty woocommerce-info\">\n\t\tYour cart is currently empty.\t<\/div>\n<\/div>\t<p class=\"return-to-shop\">\n\t\t<a class=\"button wc-backward\" href=\"https:\/\/astronomique.ch\/?page_id=7\">\n\t\t\tReturn to shop\t\t<\/a>\n\t<\/p>\n<\/div>\t\t<\/div>\n\t\t\t\t<\/div>\n\t\t\t\t\t<\/div>\n\t\t\t\t<\/div>\n\t\t\t\t<\/div>\n\t\t","protected":false},"excerpt":{"rendered":"<p>Artikel entfernen Vorschaubild Produkt Preis Anzahl Zwischensumme &times; Bali Nights Tropical Gin &#67;&#72;&#70;&nbsp;45.00 Bali Nights Tropical Gin Menge &#67;&#72;&#70;&nbsp;45.00 Update Cart Apply coupon Cart Totals Zwischensumme &#67;&#72;&#70;&nbsp;45.00 Versand Versandkostenpauschale: &#67;&#72;&#70;&nbsp;7.00 Versandoptionen werden w\u00e4hrend des Bezahlvorgangs aktualisiert. Versandkosten berechnen Land\/Region: Land\/Region ausw\u00e4hlen\u00a0\u2026Afghanistan\u00c4gypten\u00c5landAlbanienAlgerienAmerikanisch-SamoaAmerikanische JungferninselnAndorraAngolaAnguillaAntarktikaAntigua und Barbuda\u00c4quatorialguineaArgentinienArmenienArubaAserbaidschan\u00c4thiopienAustralienBahamasBahrainBangladeschBarbadosBelauBelgienBelizeBeninBermudaBhutanBolivienBonaire, Saint Eustatius and SabaBosnien und HerzegowinaBotswanaBouvetinselBrasilienBritische JungferninselnBritisches Territorium im Indischen OzeanBruneiBulgarienBurkina [&hellip;]<\/p>\n","protected":false},"author":1,"featured_media":0,"parent":0,"menu_order":0,"comment_status":"closed","ping_status":"closed","template":"elementor_canvas","meta":{"footnotes":""},"class_list":["post-8","page","type-page","status-publish","hentry"],"yoast_head":"<!-- This site is optimized with the Yoast SEO plugin v21.8 - https:\/\/yoast.com\/wordpress\/plugins\/seo\/ -->\n<title>Warenkorb - Astronomique Liquor Company<\/title>\n<meta name=\"robots\" content=\"index, follow, max-snippet:-1, max-image-preview:large, max-video-preview:-1\" \/>\n<link rel=\"canonical\" href=\"https:\/\/astronomique.ch\/?page_id=8\" \/>\n<meta property=\"og:locale\" content=\"de_DE\" \/>\n<meta property=\"og:type\" content=\"article\" \/>\n<meta property=\"og:title\" content=\"Warenkorb - Astronomique Liquor Company\" \/>\n<meta property=\"og:description\" content=\"Artikel entfernen Vorschaubild Produkt Preis Anzahl Zwischensumme &times; Bali Nights Tropical Gin &#067;&#072;&#070;&nbsp;45.00 Bali Nights Tropical Gin Menge &#067;&#072;&#070;&nbsp;45.00 Update Cart Apply coupon Cart Totals Zwischensumme &#067;&#072;&#070;&nbsp;45.00 Versand Versandkostenpauschale: &#067;&#072;&#070;&nbsp;7.00 Versandoptionen werden w\u00e4hrend des Bezahlvorgangs aktualisiert. Versandkosten berechnen Land\/Region: Land\/Region ausw\u00e4hlen\u00a0\u2026Afghanistan\u00c4gypten\u00c5landAlbanienAlgerienAmerikanisch-SamoaAmerikanische JungferninselnAndorraAngolaAnguillaAntarktikaAntigua und Barbuda\u00c4quatorialguineaArgentinienArmenienArubaAserbaidschan\u00c4thiopienAustralienBahamasBahrainBangladeschBarbadosBelauBelgienBelizeBeninBermudaBhutanBolivienBonaire, Saint Eustatius and SabaBosnien und HerzegowinaBotswanaBouvetinselBrasilienBritische JungferninselnBritisches Territorium im Indischen OzeanBruneiBulgarienBurkina [&hellip;]\" \/>\n<meta property=\"og:url\" content=\"https:\/\/astronomique.ch\/?page_id=8\" \/>\n<meta property=\"og:site_name\" content=\"Astronomique Liquor Company\" \/>\n<meta property=\"article:publisher\" content=\"https:\/\/www.facebook.com\/balinightsgin\/\" \/>\n<meta property=\"article:modified_time\" content=\"2023-11-20T15:07:36+00:00\" \/>\n<meta property=\"og:image\" content=\"https:\/\/astronomique.ch\/wp-content\/uploads\/2023\/11\/BaliNights-300x300.jpg\" \/>\n<meta name=\"twitter:card\" content=\"summary_large_image\" \/>\n<script type=\"application\/ld+json\" class=\"yoast-schema-graph\">{\"@context\":\"https:\/\/schema.org\",\"@graph\":[{\"@type\":\"WebPage\",\"@id\":\"https:\/\/astronomique.ch\/?page_id=8\",\"url\":\"https:\/\/astronomique.ch\/?page_id=8\",\"name\":\"Warenkorb - Astronomique Liquor Company\",\"isPartOf\":{\"@id\":\"https:\/\/astronomique.ch\/#website\"},\"datePublished\":\"2023-11-20T12:51:17+00:00\",\"dateModified\":\"2023-11-20T15:07:36+00:00\",\"breadcrumb\":{\"@id\":\"https:\/\/astronomique.ch\/?page_id=8#breadcrumb\"},\"inLanguage\":\"de\",\"potentialAction\":[{\"@type\":\"ReadAction\",\"target\":[\"https:\/\/astronomique.ch\/?page_id=8\"]}]},{\"@type\":\"BreadcrumbList\",\"@id\":\"https:\/\/astronomique.ch\/?page_id=8#breadcrumb\",\"itemListElement\":[{\"@type\":\"ListItem\",\"position\":1,\"name\":\"Startseite\",\"item\":\"https:\/\/astronomique.ch\/\"},{\"@type\":\"ListItem\",\"position\":2,\"name\":\"Warenkorb\"}]},{\"@type\":\"WebSite\",\"@id\":\"https:\/\/astronomique.ch\/#website\",\"url\":\"https:\/\/astronomique.ch\/\",\"name\":\"Astronomique Liquor Company\",\"description\":\"\",\"publisher\":{\"@id\":\"https:\/\/astronomique.ch\/#organization\"},\"potentialAction\":[{\"@type\":\"SearchAction\",\"target\":{\"@type\":\"EntryPoint\",\"urlTemplate\":\"https:\/\/astronomique.ch\/?s={search_term_string}\"},\"query-input\":\"required name=search_term_string\"}],\"inLanguage\":\"de\"},{\"@type\":\"Organization\",\"@id\":\"https:\/\/astronomique.ch\/#organization\",\"name\":\"Astronomique Liquor Company\",\"url\":\"https:\/\/astronomique.ch\/\",\"logo\":{\"@type\":\"ImageObject\",\"inLanguage\":\"de\",\"@id\":\"https:\/\/astronomique.ch\/#\/schema\/logo\/image\/\",\"url\":\"https:\/\/astronomique.ch\/wp-content\/uploads\/2023\/12\/Logo_black_2-min.png\",\"contentUrl\":\"https:\/\/astronomique.ch\/wp-content\/uploads\/2023\/12\/Logo_black_2-min.png\",\"width\":1447,\"height\":1490,\"caption\":\"Astronomique Liquor Company\"},\"image\":{\"@id\":\"https:\/\/astronomique.ch\/#\/schema\/logo\/image\/\"},\"sameAs\":[\"https:\/\/www.facebook.com\/balinightsgin\/\",\"https:\/\/www.instagram.com\/balinightsgin\/?hl=de\"]}]}<\/script>\n<!-- \/ Yoast SEO plugin. -->","yoast_head_json":{"title":"Warenkorb - Astronomique Liquor Company","robots":{"index":"index","follow":"follow","max-snippet":"max-snippet:-1","max-image-preview":"max-image-preview:large","max-video-preview":"max-video-preview:-1"},"canonical":"https:\/\/astronomique.ch\/?page_id=8","og_locale":"de_DE","og_type":"article","og_title":"Warenkorb - Astronomique Liquor Company","og_description":"Artikel entfernen Vorschaubild Produkt Preis Anzahl Zwischensumme &times; Bali Nights Tropical Gin &#67;&#72;&#70;&nbsp;45.00 Bali Nights Tropical Gin Menge &#67;&#72;&#70;&nbsp;45.00 Update Cart Apply coupon Cart Totals Zwischensumme &#67;&#72;&#70;&nbsp;45.00 Versand Versandkostenpauschale: &#67;&#72;&#70;&nbsp;7.00 Versandoptionen werden w\u00e4hrend des Bezahlvorgangs aktualisiert. Versandkosten berechnen Land\/Region: Land\/Region ausw\u00e4hlen\u00a0\u2026Afghanistan\u00c4gypten\u00c5landAlbanienAlgerienAmerikanisch-SamoaAmerikanische JungferninselnAndorraAngolaAnguillaAntarktikaAntigua und Barbuda\u00c4quatorialguineaArgentinienArmenienArubaAserbaidschan\u00c4thiopienAustralienBahamasBahrainBangladeschBarbadosBelauBelgienBelizeBeninBermudaBhutanBolivienBonaire, Saint Eustatius and SabaBosnien und HerzegowinaBotswanaBouvetinselBrasilienBritische JungferninselnBritisches Territorium im Indischen OzeanBruneiBulgarienBurkina [&hellip;]","og_url":"https:\/\/astronomique.ch\/?page_id=8","og_site_name":"Astronomique Liquor Company","article_publisher":"https:\/\/www.facebook.com\/balinightsgin\/","article_modified_time":"2023-11-20T15:07:36+00:00","og_image":[{"url":"https:\/\/astronomique.ch\/wp-content\/uploads\/2023\/11\/BaliNights-300x300.jpg"}],"twitter_card":"summary_large_image","schema":{"@context":"https:\/\/schema.org","@graph":[{"@type":"WebPage","@id":"https:\/\/astronomique.ch\/?page_id=8","url":"https:\/\/astronomique.ch\/?page_id=8","name":"Warenkorb - Astronomique Liquor Company","isPartOf":{"@id":"https:\/\/astronomique.ch\/#website"},"datePublished":"2023-11-20T12:51:17+00:00","dateModified":"2023-11-20T15:07:36+00:00","breadcrumb":{"@id":"https:\/\/astronomique.ch\/?page_id=8#breadcrumb"},"inLanguage":"de","potentialAction":[{"@type":"ReadAction","target":["https:\/\/astronomique.ch\/?page_id=8"]}]},{"@type":"BreadcrumbList","@id":"https:\/\/astronomique.ch\/?page_id=8#breadcrumb","itemListElement":[{"@type":"ListItem","position":1,"name":"Startseite","item":"https:\/\/astronomique.ch\/"},{"@type":"ListItem","position":2,"name":"Warenkorb"}]},{"@type":"WebSite","@id":"https:\/\/astronomique.ch\/#website","url":"https:\/\/astronomique.ch\/","name":"Astronomique Liquor Company","description":"","publisher":{"@id":"https:\/\/astronomique.ch\/#organization"},"potentialAction":[{"@type":"SearchAction","target":{"@type":"EntryPoint","urlTemplate":"https:\/\/astronomique.ch\/?s={search_term_string}"},"query-input":"required name=search_term_string"}],"inLanguage":"de"},{"@type":"Organization","@id":"https:\/\/astronomique.ch\/#organization","name":"Astronomique Liquor Company","url":"https:\/\/astronomique.ch\/","logo":{"@type":"ImageObject","inLanguage":"de","@id":"https:\/\/astronomique.ch\/#\/schema\/logo\/image\/","url":"https:\/\/astronomique.ch\/wp-content\/uploads\/2023\/12\/Logo_black_2-min.png","contentUrl":"https:\/\/astronomique.ch\/wp-content\/uploads\/2023\/12\/Logo_black_2-min.png","width":1447,"height":1490,"caption":"Astronomique Liquor Company"},"image":{"@id":"https:\/\/astronomique.ch\/#\/schema\/logo\/image\/"},"sameAs":["https:\/\/www.facebook.com\/balinightsgin\/","https:\/\/www.instagram.com\/balinightsgin\/?hl=de"]}]}},"_links":{"self":[{"href":"https:\/\/astronomique.ch\/index.php?rest_route=\/wp\/v2\/pages\/8","targetHints":{"allow":["GET"]}}],"collection":[{"href":"https:\/\/astronomique.ch\/index.php?rest_route=\/wp\/v2\/pages"}],"about":[{"href":"https:\/\/astronomique.ch\/index.php?rest_route=\/wp\/v2\/types\/page"}],"author":[{"embeddable":true,"href":"https:\/\/astronomique.ch\/index.php?rest_route=\/wp\/v2\/users\/1"}],"replies":[{"embeddable":true,"href":"https:\/\/astronomique.ch\/index.php?rest_route=%2Fwp%2Fv2%2Fcomments&post=8"}],"version-history":[{"count":4,"href":"https:\/\/astronomique.ch\/index.php?rest_route=\/wp\/v2\/pages\/8\/revisions"}],"predecessor-version":[{"id":57,"href":"https:\/\/astronomique.ch\/index.php?rest_route=\/wp\/v2\/pages\/8\/revisions\/57"}],"wp:attachment":[{"href":"https:\/\/astronomique.ch\/index.php?rest_route=%2Fwp%2Fv2%2Fmedia&parent=8"}],"curies":[{"name":"wp","href":"https:\/\/api.w.org\/{rel}","templated":true}]}}